ighest common factor of x and t?
1
Let a be 32 - (0 - -1) - (-2 - 2). Suppose 24*y - 19*y = 1165. Let v = -93 + y. What is the greatest common divisor of v and a?
35
Let n(p) = 3*p**3 + p**2 + 5*p + 140. Let a be n(0). Let x(l) = -l + 20. Let z be x(0). What is the greatest common factor of a and z?
20
Suppose 25*i = 764 + 936. What is the highest common factor of i and 17136?
68
Let f be (3 + 445*-2)/(-1 - 0). Suppose -4*k + f = -9. What is the greatest common factor of k and 28?
28
Let p(b) = b**3 + 7*b**2 - 26*b + 10. Let j be p(7). Let t = -327 + j. Calculate the greatest common factor of t and 11.
11
Suppose -8 = -4*u, 3*h + 2*u - 175 - 279 = 0. Calculate the greatest common divisor of h and 7950.
150
Suppose -5*b - 24 = 2*n - 111, 1 = n. Suppose 2*y + 91 = 7. Let g = y - -59. Calculate the highest common divisor of b and g.
17
Let v be (-9)/((-3 + (-222)/(-68))/(-6)). Suppose -2*d + 5*r + 19 = 0, -2*d - 4*r + 16 = -d. Calculate the highest common factor of v and d.
12
Let b = -9444 - -9500. Suppose 4*f + 3*q = 117 - 1, 3*f + 5*q - 76 = 0. Calculate the greatest common factor of f and b.
8
Suppose 628 + 574 = 5*c - 393. Calculate the highest common factor of 232 and c.
29
Let b = 1163 + -1146. Let v be 44/(0 - 2) + 2. Let t be (-2)/10 - 3744/v. What is the greatest common factor of t and b?
17
Let g = -3037 + 5722. Calculate the greatest common divisor of 75 and g.
15
Let m = -4 - -83. Suppose -155 = -18*a + m. What is the greatest common divisor of a and 585?
13
Suppose 4*s = -2*a + 652, s + 4*a - 2*a - 157 = 0. Let m be ((-3)/5)/(((-7)/(-1))/(-175)). Calculate the highest common divisor of m and s.
15
Suppose -6870 = -74*c + 11482. Calculate the highest common divisor of c and 527.
31
Let x = -13443 - -25194. What is the greatest common divisor of 3 and x?
3
Let u = 95 - 90. Suppose -6*v = -u*v + 56. Let r be v*(-4)/2*9/18. What is the greatest common factor of r and 8?
8
Let q = 126 + -275. Let u = -128 - q. What is the greatest common divisor of 525 and u?
21
Suppose 5 = b + 1. Suppose 4*i - 2*i - 418 = -b*v, -4*i + 101 = v. Let p be 960/60 + (-2)/2. Calculate the greatest common divisor of v and p.
15
Suppose 3*n = -3*w + 36, -173 = 15*n - 38. Let d be (-85)/(-4) - (-2)/(-8). Calculate the highest common factor of w and d.
21
Suppose 4*l + r = 1577, 125*l = 124*l - 2*r + 382. Suppose -2*a = 2*w + w - 76, 2*w + 184 = 4*a. Calculate the greatest common divisor of a and l.
44
Let g(y) = -13*y + 53. Let k be g(18). Let w = 224 + k. Calculate the greatest common divisor of w and 473.
43
Suppose f + 16 - 23 = 0. Let t be (-888)/18*(-3)/2. Let m be 1*t + 21/7. What is the highest common divisor of f and m?
7
Suppose 13 + 11 = 6*r. Suppose -3*l + 5*l - r*z = 44, -4*z = l - 4. Suppose l*n = 15*n + 9. What is the greatest common divisor of 81 and n?
9
Let s(x) = -x**2 - 11*x - 15. Let d be s(-9). Let w be (-3 - -4)*(d - 172/(-4)). What is the highest common divisor of 161 and w?
23
Let i(f) = f**3 - 4*f**2 - 16*f - 7. Let m be i(7). Let z = -164 + 212. What is the highest common factor of z and m?
4
Let g be (-2)/16*(-9 + 9). Suppose g = -25*k + 9537 + 21663. What is the highest common divisor of 24 and k?
24
Suppose 6358*v - 6335*v = 19228. What is the greatest common factor of v and 2736?
76
Let w = -20 - -43. Suppose -21*a + 19*a + 5*r + 1487 = 0, 3683 = 5*a - r. Calculate the greatest common divisor of w and a.
23
Let p = -374 + 412. Let l = 1 + 9. Suppose 2*o = -l, 3*k - 35 = -3*o + 64. Calculate the greatest common divisor of k and p.
38
Suppose 558 = 20*c - 182. What is the highest common divisor of 259 and c?
37
Let y(c) = 32*c + 204. Let z be y(-6). Let j(d) = d**2 - 2*d - 113. Let n be j(z). Calculate the greatest common factor of n and 7.
7
Suppose 0 = 6*w - 5*w + 6. Let d be w + 6 - (-48)/2. Let c = -496 + 504. Calculate the greatest common factor of c and d.
8
Let b(f) = 0*f + 49*f**2 + 6*f**2 - 3 - 3*f + 1. Let z be b(-2). Suppose -9*x + 5*x = -z. What is the highest common factor of 8 and x?
8
Let f = 0 + 10. Let g = 8611 + -8341. Calculate the greatest common factor of f and g.
10
Let g(u) = -u**3 - 6 + 176*u**2 - 4*u - 85*u**2 - 88*u**2. Let m be g(-3). Calculate the greatest common divisor of m and 40.
20
Let b(g) = -g + 12. Let a be b(0). Let x(q) = 2*q**2 + 246*q - 4440. Let u be x(16). What is the greatest common divisor of u and a?
4
Suppose 17*h - 60 = 195. Let d(r) = -r**3 + 17*r**2 - 12*r + 65. Let y be d(13). Calculate the greatest common divisor of h and y.
15
Suppose 21*p - 107514 = 7*p - 4*p. Calculate the highest common factor of p and 66.
33
Let y(n) = 12*n + 101. Let m be y(-52). Let w = -486 - m. What is the greatest common divisor of 3 and w?
1
Let b be (164/12)/((-3)/(-9)). Let n = 85 - b. Suppose -4*m - 28 = -2*z, -3*z + 88*m - 13 = 93*m. What is the greatest common divisor of z and n?
4
Suppose d + o + 6 = 4*d, -o = 2*d - 9. Suppose 5*n + 28 - d = 0, 3*n + 145 = 5*v. What is the highest common factor of 143 and v?
13
Let q(w) = 5*w**2 + 4*w - 8. Let m be q(-8). Suppose -355 = -y - 3*g - 296, -y - 5*g + 61 = 0. Calculate the greatest common factor of y and m.
56
Let y = 941 + -720. Calculate the highest common factor of 2873 and y.
221
Suppose 1315 = 269*g - 4738 + 404. Let m be 27/2*4/6. What is the greatest common divisor of m and g?
3
Let u = 55 - 35. Suppose 0*v + v + 11 = 3*y, 0 = -4*v - u. Suppose 39 - 231 = -y*a. Calculate the highest common divisor of a and 16.
16
Let x = 35 - -13. Let h be (x - 1) + 1 + 2. Let s = -901 - -921. Calculate the greatest common divisor of s and h.
10
Let i be (-3 - 55/(-10))/((-55)/132). Let h be (1 - 1) + (22 - 0). Let f = h - i. What is the greatest common divisor of f and 112?
28
Let j = 10855 - 9269. What is the highest common divisor of 130 and j?
26
Suppose c = -2 + 6, -5*u + 144 = -4*c. Suppose -10*k = -2*k - u. What is the highest common divisor of 14 and k?
2
Let m be (5 - 19/4)/((-2)/(-400)). What is the highest common factor of 5350 and m?
50
Let b = 39 - -3. Let g(z) = 2*z**3 - z**2 + z + 210. Let w(h) = h**2 - 33*h + 90. Let r be w(3). Let d be g(r). Calculate the highest common divisor of b and d.
42
Let z be (9/3 + -4)*-121. Let p be 2 - 53*(-3)/3. Suppose p = c + 4*c. Calculate the greatest common divisor of c and z.
11
Let d(m) = -18*m + 2. Let z be d(-2). Let w = -245 - -249. Calculate the greatest common factor of w and z.
2
Suppose -3*j = -4*a, a = -j - a - 10. Let u be (-3390)/(-18) + -5 + j/(-6). Calculate the greatest common factor of 46 and u.
46
Let f = 21938 + -20585. What is the highest common divisor of f and 363?
33
Let k = 55 - 59. Let o be (2 + -25)*(k - 17)/3. Suppose 3*r = o + 112. Calculate the highest common divisor of r and 13.
13
Let m(x) = 5*x - 97. Let b be m(32). Let c be (b - -2)*(1 + -2)/(-1). Calculate the greatest common divisor of 143 and c.
13
Let u be (6366 - -33) + 42 - (-6)/(-2). Calculate the highest common factor of 18 and u.
6
Let p = -371 - -374. Suppose -o - 32 = -p*k, -3 = 33*o - 36*o. What is the greatest common factor of 3 and k?
1
Let u(l) = l + 481. Let j(f) = f + 244. Let w(i) = -11*j(i) + 6*u(i). Let d be w(28). Calculate the highest common factor of d and 1054.
62
Let p = -19050 + 19051. What is the highest common factor of 996 and p?
1
Suppose -82 = -24*t + 254. What is the highest common divisor of t and 8498?
14
Let c = -995 + 1170. Suppose -5*b - 9 = 2*q + 2, 0 = -3*q + 5*b + 46. What is the greatest common factor of c and q?
7
Suppose 640 = -36*k + 46*k. Calculate the highest common divisor of 208 and k.
16
Suppose 0 = 5*k + 2 - 32. Let w = -102 - -107. Suppose 70 = w*h - 140. What is the highest common divisor of k and h?
6
Suppose 4*d + 2*l + 34 = 0, 3*l + 22 = -d - 2*l. Let z(j) = j**3 + 5*j**2 - 13*j + 10. Let k be z(d). What is the highest common divisor of 7 and k?
1
Let z(s) = s**3 - s**2 + 2*s + 121. Let r be z(-4). Let w = -3 - -12. Let g be (9/27)/(1/w). What is the highest common factor of r and g?
3
Suppose 5*c - 61 + 261 = -2*o, -3*c = -5*o + 89. Let a = c - -42. Suppose 3*u = d - 65, a*u - 420 = -6*d + d. What is the greatest common divisor of d and 10?
10
Suppose 2*p = -5*r - 95, p = -p - 3*r - 93. Let w be ((-1)/(-3))/(p/(-25515)). Calculate the greatest common divisor of 42 and w.
21